19 a composite number?
False
Is 4000964831 composite?
True
Is 8279660839 composite?
True
Is 471551551 a composite number?
False
Is 4205007491 a prime number?
False
Is 1095226273 composite?
False
Is 1142860069 prime?
False
Is 21211168019 prime?
True
Is 3730634207 a composite number?
True
Is 786365387 composite?
False
Is 17931915493 composite?
False
Is 57491290193 prime?
True
Is 813566347 prime?
False
Is 20830154867 a composite number?
False
Is 65240454751 prime?
True
Is 50518260821 composite?
True
Is 21433011191 prime?
True
Is 250336007 a prime number?
False
Is 12139866917 composite?
False
Is 75298460429 composite?
False
Is 43021868377 composite?
True
Is 3477610091 a prime number?
True
Is 4804017991 prime?
True
Is 783235147 composite?
False
Is 14825749319 prime?
True
Is 3342477289 prime?
True
Is 124668343187 a composite number?
False
Is 1313750159 prime?
True
Is 3018928631 a prime number?
False
Is 882063901 composite?
True
Is 18426267001 prime?
True
Is 68719570289 a prime number?
True
Is 10734664243 a composite number?
False
Is 46508488051 composite?
True
Is 64877027747 a prime number?
False
Is 33315162269 prime?
True
Is 393735193 a prime number?
False
Is 741538747 prime?
True
Is 175667533 prime?
True
Is 2598347667 a prime number?
False
Is 23310468949 composite?
True
Is 337775489 a prime number?
True
Is 108609131 prime?
False
Is 1593911383 a composite number?
False
Is 9156435055 composite?
True
Is 74759914241 prime?
True
Is 15800324713 composite?
True
Is 33155046251 a prime number?
False
Is 13563681559 prime?
False
Is 42451732603 a composite number?
True
Is 663965338 a prime number?
False
Is 146440513 composite?
False
Is 16259062153 prime?
False
Is 1243330229 composite?
True
Is 12537453143 a prime number?
False
Is 18003431461 composite?
True
Is 65807579407 a composite number?
True
Is 2376095399 a composite number?
True
Is 31797495661 a composite number?
False
Is 7533344171 a composite number?
False
Is 7749974123 composite?
True
Is 10224870401 a prime number?
False
Is 11693635307 a prime number?
True
Is 34629571082 composite?
True
Is 16712291557 a prime number?
False
Is 412913761 a composite number?
True
Is 1079456629 a composite number?
True
Is 15601861201 a composite number?
False
Is 242598547 composite?
False
Is 8050369273 composite?
False
Is 9612377861 composite?
False
Is 21475903231 a prime number?
False
Is 5646522757 a prime number?
True
Is 2211244951 prime?
False
Is 4584529189 a prime number?
True
Is 18032562211 composite?
False
Is 36646326373 a composite number?
True
Is 7355736827 a composite number?
False
Is 12956850331 composite?
False
Is 9038654041 composite?
True
Is 16642323361 prime?
True
Is 51578479973 a prime number?
False
Is 3225082387 a prime number?
True
Is 58854205 a prime number?
False
Is 15766313414 a prime number?
False
Is 71536403 composite?
True
Is 120145819 prime?
False
Is 10018388801 a composite number?
False
Is 727502759 prime?
False
Is 3587267419 a composite number?
False
Is 861250843 prime?
False
Is 1668334687 composite?
False
Is 15349926749 prime?
True
Is 2009911367 a prime number?
True
Is 7494871339 a composite number?
False
Is 10047805429 prime?
False
Is 29810300203 prime?
True
Is 211089919 a prime number?
True
Is 17617823579 composite?
False
Is 149241019 a composite number?
True
Is 20650451 composite?
False
Is 7192847 a prime number?
True
Is 26576903423 composite?
True
Is 360878041 a composite number?
False
Is 286911271 prime?
False
Is 8464274461 a composite number?
True
Is 11300413987 a prime number?
False
Is 5663158211 a composite number?
True
Is 379845315635 a composite number?
True
Is 1589235523 composite?
False
Is 15355885949 composite?
False
Is 6668817331 prime?
False
Is 1951689767 a composite number?
False
Is 1650877573 a composite number?
False
Is 28706651531 a composite number?
True
Is 639942959 composite?
True
Is 1795512287 a composite number?
False
Is 2001488059 composite?
False
Is 13306400969 a composite number?
True
Is 32538434953 a composite number?
False
Is 250662823 prime?
True
Is 59826567901 a composite number?
False
Is 10094869417 prime?
True
Is 33947916599 a composite number?
False
Is 9892305953 prime?
False
Is 8478455737 a composite number?
True
Is 28755282181 prime?
True
Is 2001670469 a prime number?
True
Is 81026593 a prime number?
False
Is 110836305841 a composite number?
False
Is 53079266 a prime number?
False
Is 1083715981 prime?
False
Is 1521776721 composite?
True
Is 4564956173 composite?
False
Is 2366942933 composite?
False
Is 20441304329 a prime number?
False
Is 3205577941 prime?
True
Is 3047470315 composite?
True
Is 157281071 prime?
False
Is 25569050879 a composite number?
True
Is 135521627 composite?
False
Is 348900899 prime?
False
Is 37296036731 a composite number?
True
Is 23729526845 a composite number?
True
Is 1219286569 composite?
True
Is 2921467099 a composite number?
True
Is 93447886453 composite?
True
Is 526608697 a prime number?
True
Is 31318519863 a composite number?
True
Is 1344689266 composite?
True
Is 189924212429 a prime number?
False
Is 3844070473 a prime number?
False
Is 18504804347 prime?
True
Is 12385331029 a prime number?
False
Is 6151589491 composite?
False
Is 343682005 composite?
True
Is 68783258107 prime?
True
Is 17983393949 composite?
True
Is 1398310597 a prime number?
True
Is 72149843 composite?
True
Is 1359230923 a prime number?
True
Is 344908693 a composite number?
False
Is 26551431019 prime?
True
Is 4600784683 a prime number?
False
Is 25220556563 a prime number?
True
Is 5312445031 prime?
False
Is 561823063 a prime number?
False
Is 1752505483 composite?
False
Is 1071504893 prime?
True
Is 2059684001 a composite number?
False
Is 7417156723 a prime number?
True
Is 100723573 prime?
False
Is 941027981 a composite number?
False
Is 143579588549 composite?
False
Is 9942867631 a prime number?
True
Is 2067940507 prime?
True
Is 456095137 composite?
False
Is 1733679919 prime?
True
Is 2885007278 composite?
True
Is 4723336339 prime?
True
Is 2902429177 a prime number?
True
Is 69699905671 a prime number?
False
Is 2781113347 composite?
True
Is 433826647 composite?
True
Is 18428325859 a composite number?
True
Is 550093331 a composite number?
True
Is 573139681 a composite number?
True
Is 8038866791 a composite number?
False
Is 1377370279 a prime number?
True
Is 1545950249 prime?
True
Is 135518985107 a composite number?
True
Is 30992053 a prime number?
True
Is 82968661 a composite number?
True
Is 77891697869 composite?
True
Is 43207972237 prime?
True
Is 5116853282 composite?
True
Is 84541193939 prime?
False
Is 21839839867 a composite number?
False
Is 859207649 composite?
False
Is 66174911821 prime?
True
Is 1034037097 a prime number?
False
Is 49067905407 a prime number?
False
Is 2681569621 a composite number?
False
Is 24459600383 prime?
True
Is 171042659 a prime number?
True
Is 1050688237 composite?
False
Is 16874815537 a composite number?
False
Is 5375370898 composite?
True
Is 628276577 prime?
True
Is 2511920193 a composite number?
True
Is 511075121 composite?
True
Is 175383629 a composite number?
False
Is 2920653287 prime?
True
Is 149914429891 composite?
True
Is 1767805321 prime?
True
Is 46353731 prime?
False
Is 11450635333 a composite number?
True
Is 11995484569 prime?
False
Is 194562035 a prime number?
False
Is 32404020139 prime?
False
Is 7293508297 composite?
True
Is 68445369137 composite?
True
Is 1306706707 a composite number?
False
Is 1328913007 a composite number?
False
Is 28719577123 a prime number?
True
Is 1694264959 composite?
True
Is 41043103 a prime number?
True
Is 90497365961 composite?
False
Is 102010647727 a composite number?
True
Is 2316105341 composite?
True
Is 21576094619 prime?
False
Is 6175404727 prime?
True
Is 306308027 a composite number?
False
Is 1554127919 prime?
False
Is 2066067061 composite?
False
Is 188708479 prime?
False
Is 1826940799 composite?
False
Is 5516425019 a composite number?
True
Is 388944019 prime?
True
Is 112646770199 prime?
True
Is 65102652743 a prime number?
False
Is 219011033 prime?
True
Is 4908283213 prime?
True
Is 15443485007 a prime number?
True
Is 12739252463 prime?
False
Is 3696905791 composite?
True
Is 1918584529 a prime number?
True
Is 2246734681 prime?
False
Is 17956591019 prime?
False
Is 10748110349 prime?
True
Is 36629347